e
Is 10043399 prime?
True
Is 39956529 prime?
False
Is 243821579 a composite number?
True
Is 15839013 composite?
True
Is 44112742 composite?
True
Is 2332030495 prime?
False
Is 22072747 a composite number?
True
Is 1132877 a composite number?
False
Is 35300171 composite?
False
Is 810183311 a prime number?
False
Is 2388671 composite?
True
Is 53240021 composite?
False
Is 55273459 a composite number?
True
Is 13535287 a composite number?
True
Is 285771 a prime number?
False
Is 82673223 composite?
True
Is 95729973 prime?
False
Is 4462423 a composite number?
True
Is 13932433 a prime number?
True
Is 276740221 a prime number?
True
Is 21525529 prime?
True
Is 52237 prime?
True
Is 10229803 a prime number?
True
Is 1249999 prime?
True
Is 40201813 prime?
True
Is 1450637 a prime number?
True
Is 18519037 a composite number?
True
Is 4157771 a prime number?
True
Is 2055943003 prime?
True
Is 6084017 a prime number?
True
Is 24848699 a prime number?
True
Is 47181713 prime?
False
Is 911593 a composite number?
False
Is 1697063 prime?
True
Is 7877917 a composite number?
False
Is 234007 a composite number?
False
Is 1719479 prime?
False
Is 6203114 a composite number?
True
Is 6061499 composite?
False
Is 118362157 a composite number?
False
Is 136511 composite?
False
Is 27184721 a prime number?
True
Is 1208387 prime?
True
Is 3408842 a prime number?
False
Is 19121462 composite?
True
Is 8726555 composite?
True
Is 67276793 a prime number?
False
Is 16296329 a prime number?
False
Is 1741007 composite?
False
Is 207059267 a composite number?
False
Is 9796883 prime?
False
Is 825389 composite?
False
Is 28435273 composite?
False
Is 22697027 a prime number?
True
Is 3786933 composite?
True
Is 6812213 prime?
False
Is 3035689 composite?
True
Is 8687957 composite?
True
Is 1185757 prime?
False
Is 6945047 a prime number?
True
Is 23665259 a composite number?
True
Is 4651843 a prime number?
False
Is 73861 a composite number?
True
Is 48153343 prime?
False
Is 66301 a prime number?
True
Is 5804413 prime?
True
Is 3776999 composite?
False
Is 5632717 prime?
True
Is 4071443 a prime number?
False
Is 1150953 composite?
True
Is 184259398 prime?
False
Is 27527887 composite?
False
Is 18750341 composite?
False
Is 173072981 composite?
False
Is 50160163 a composite number?
False
Is 24944449 a composite number?
False
Is 406837 prime?
True
Is 54788213 a prime number?
True
Is 16589 a composite number?
True
Is 9842269 a composite number?
True
Is 25013549 composite?
True
Is 464057 a composite number?
True
Is 11352701 a prime number?
True
Is 14994569 prime?
True
Is 69767882 a composite number?
True
Is 2023213 a prime number?
False
Is 36441611 prime?
True
Is 2322193 prime?
True
Is 14873311 a composite number?
False
Is 58569901 prime?
False
Is 977256541 a composite number?
False
Is 20866081 prime?
True
Is 6179 a composite number?
True
Is 6347371 prime?
True
Is 42740011 prime?
False
Is 24942251 prime?
True
Is 6307163 a prime number?
False
Is 3691 prime?
True
Is 121281261 a composite number?
True
Is 194757 prime?
False
Is 57700193 a composite number?
True
Is 5045191 a prime number?
True
Is 67356041 prime?
True
Is 131630165 a composite number?
True
Is 138922213 a prime number?
True
Is 7777139 a composite number?
False
Is 5445137 prime?
False
Is 992471 a composite number?
True
Is 19143919 a prime number?
False
Is 4953937 prime?
False
Is 5077406 a composite number?
True
Is 3471959 prime?
True
Is 73084513 prime?
False
Is 187486907 prime?
True
Is 17149459 composite?
True
Is 16390747 prime?
False
Is 12753449 prime?
True
Is 9320797 a composite number?
False
Is 24146191 prime?
True
Is 4695227 a composite number?
True
Is 49534403 prime?
True
Is 41239871 prime?
True
Is 3648967 composite?
True
Is 948041 composite?
False
Is 132097729 composite?
True
Is 1202549 composite?
False
Is 9749459 prime?
False
Is 321493 composite?
True
Is 1385533 a prime number?
False
Is 8684591 a prime number?
False
Is 568541 composite?
False
Is 3775511 a prime number?
False
Is 2219731 prime?
True
Is 3059753 a prime number?
True
Is 50670419 a composite number?
False
Is 26322481 a composite number?
False
Is 95112739 composite?
True
Is 5845861 a composite number?
True
Is 1901519 a prime number?
True
Is 29455861 composite?
True
Is 4945443 a prime number?
False
Is 1720361 a composite number?
False
Is 4168427 prime?
False
Is 1155311 prime?
True
Is 23710047 prime?
False
Is 71959567 prime?
True
Is 1642549 composite?
False
Is 14344579 a composite number?
False
Is 14400391 a prime number?
False
Is 28545271 a composite number?
True
Is 81684257 a composite number?
False
Is 622301 a prime number?
True
Is 355741481 a prime number?
True
Is 14048417 a prime number?
True
Is 15913793 a composite number?
True
Is 6144617 a composite number?
True
Is 277649417 composite?
True
Is 79547771 a prime number?
True
Is 11133554 prime?
False
Is 259261621 composite?
True
Is 2757331 composite?
True
Is 5219441 a prime number?
True
Is 9184417 prime?
False
Is 56797427 composite?
False
Is 6248719 a prime number?
True
Is 8560337 a prime number?
True
Is 1498729 a composite number?
False
Is 2108857 a prime number?
True
Is 78879209 a prime number?
False
Is 36554495 composite?
True
Is 450041983 a prime number?
True
Is 1259225767 prime?
False
Is 9125137 composite?
True
Is 2358389 composite?
True
Is 25695251 a composite number?
False
Is 152868733 prime?
True
Is 208060889 composite?
True
Is 340321 a prime number?
True
Is 1625458121 prime?
False
Is 63044801 a composite number?
True
Is 921382571 a composite number?
False
Is 37592647 composite?
False
Is 16121051 a prime number?
True
Is 16717019 a prime number?
False
Is 8380417 a composite number?
False
Is 180116429 a composite number?
False
Is 163025227 composite?
False
Is 5917543 composite?
False
Is 5813747 a prime number?
False
Is 4644061 a composite number?
False
Is 18916871 a prime number?
True
Is 1455583 composite?
True
Is 1395739 a prime number?
True
Is 22330463 composite?
False
Is 12197923 a composite number?
True
Is 306528491 prime?
True
Is 748763 composite?
False
Is 12973299 prime?
False
Is 65669869 prime?
True
Is 12519085 a composite number?
True
Is 20764363 prime?
False
Is 89204341 composite?
False
Is 254550581 a composite number?
True
Is 62854507 prime?
True
Is 625441 prime?
False
Is 8951029 a composite number?
False
Is 9175269 composite?
True
Is 360863 a prime number?
True
Is 4174463 a composite number?
True
Is 130004921 prime?
True
Is 178250242 a composite number?
True
Is 67046333 a prime number?
True
Is 118291513 a prime number?
True
Is 92629 a composite number?
True
Is 16671859 composite?
True
Is 1291261 a composite number?
True
Is 3457591 a composite number?
False
Is 14423557 a prime number?
True
Is 2427919 prime?
False
Is 120481853 composite?
False
Is 231053083 composite?
False
Is 8932367 a prime number?
True
Is 29649973 a prime number?
True
Is 4216139 a composite number?
True
Is 5054633 a prime number?
True
Is 65711407 prime?
True
Is 2684597 a composite number?
True
Is 149740329 a prime number?
False
Is 93091769 a composite number?
True
Is 37767973 prime?
True
Is 124229333 a prime number?
False
Is 9503491 a composite number?
True
Is 293021 a composite number?
False
Is 3135541 composite?
True
Is 5442137 a prime number?
False
Is 228637231 composite?
False
Is 849917 composite?
False
Is 28883893 prime?
False
Is 176392057 a composite number?
False
Is 7543591 composite?
True
Is 102431731 composite?
False
Is 176774123 composite?
True
Is 99761 prime?
True
Is 43411631 a composite number?
False
Is 31469651 a prime number?
False
Is 10919659 a composite number?
False
Is 2928491 prime?
True
Is 1236827 composite?
False
Is 5120389 composite?
True
Is 9351821 a composite number?
False
Is 949681 a composite number?
True
Is 359477 prime?
True
Is 5187109 prime?
True
Is 176081099 prime?
False
Is 186268081 a composite number?
False
Is 6389597 a prime number?
False
Is 65322431 prime?
True
Is 11727137 composite?
False
Is 1189703 a prime number?
True
Is 1629259 a prime number?
True
Is 228779003 a prime number?
False
Is 29249249 a composite number?
False
Is 21621547 composite?
False
Is 16788801 a prime number?
False
Is 438895121 a prime number?
False
Is 20098697 a composite number?
True
Is 3232027 composite?
False
Is 2505901 a composite number?
False
Is